hat is the tens digit of 170433?
3
What is the thousands digit of 1174?
1
What is the ten thousands digit of 67924?
6
What is the tens digit of 8133?
3
What is the tens digit of 512?
1
What is the tens digit of 22753?
5
What is the thousands digit of 1784?
1
What is the thousands digit of 19399?
9
What is the hundreds digit of 4377?
3
What is the thousands digit of 65789?
5
What is the tens digit of 299?
9
What is the hundreds digit of 256?
2
What is the hundreds digit of 2303?
3
What is the ten thousands digit of 13712?
1
What is the thousands digit of 69234?
9
What is the units digit of 1138?
8
What is the hundreds digit of 22485?
4
What is the hundreds digit of 894?
8
What is the tens digit of 17432?
3
What is the tens digit of 3945?
4
What is the thousands digit of 29902?
9
What is the thousands digit of 19473?
9
What is the thousands digit of 1094?
1
What is the thousands digit of 3568?
3
What is the units digit of 4602?
2
What is the tens digit of 43519?
1
What is the tens digit of 73656?
5
What is the ten thousands digit of 50464?
5
What is the hundreds digit of 99821?
8
What is the tens digit of 582?
8
What is the tens digit of 2104?
0
What is the hundreds digit of 80404?
4
What is the thousands digit of 6549?
6
What is the units digit of 32581?
1
What is the units digit of 181?
1
What is the thousands digit of 6495?
6
What is the thousands digit of 8114?
8
What is the hundred thousands digit of 103667?
1
What is the hundreds digit of 3420?
4
What is the thousands digit of 47021?
7
What is the tens digit of 23489?
8
What is the units digit of 7278?
8
What is the tens digit of 16920?
2
What is the units digit of 1812?
2
What is the tens digit of 3082?
8
What is the hundreds digit of 9249?
2
What is the thousands digit of 195872?
5
What is the hundreds digit of 6816?
8
What is the thousands digit of 180645?
0
What is the thousands digit of 17449?
7
What is the ten thousands digit of 76323?
7
What is the units digit of 1087?
7
What is the ten thousands digit of 51562?
5
What is the tens digit of 1170?
7
What is the tens digit of 8071?
7
What is the tens digit of 6139?
3
What is the hundreds digit of 5605?
6
What is the hundred thousands digit of 155752?
1
What is the units digit of 84836?
6
What is the units digit of 511?
1
What is the thousands digit of 74818?
4
What is the units digit of 43868?
8
What is the hundreds digit of 2436?
4
What is the thousands digit of 5311?
5
What is the hundreds digit of 2070?
0
What is the hundreds digit of 7166?
1
What is the thousands digit of 2512?
2
What is the ten thousands digit of 14957?
1
What is the tens digit of 1165?
6
What is the hundreds digit of 41015?
0
What is the hundreds digit of 1254?
2
What is the units digit of 816?
6
What is the tens digit of 641?
4
What is the units digit of 11704?
4
What is the tens digit of 105049?
4
What is the ten thousands digit of 64489?
6
What is the thousands digit of 1187?
1
What is the units digit of 6310?
0
What is the units digit of 2059?
9
What is the tens digit of 53101?
0
What is the units digit of 173?
3
What is the hundreds digit of 733?
7
What is the hundreds digit of 13019?
0
What is the tens digit of 2273?
7
What is the ten thousands digit of 42294?
4
What is the hundreds digit of 420?
4
What is the units digit of 4764?
4
What is the ten thousands digit of 22764?
2
What is the thousands digit of 8115?
8
What is the hundreds digit of 41067?
0
What is the tens digit of 18696?
9
What is the hundreds digit of 788?
7
What is the hundreds digit of 1829?
8
What is the units digit of 80786?
6
What is the units digit of 93629?
9
What is the ten thousands digit of 18880?
1
What is the units digit of 7066?
6
What is the hundreds digit of 8321?
3
What is the hundreds digit of 834?
8
What is the ten thousands digit of 113414?
1
What is the units digit of 89627?
7
What is the thousands digit of 2100?
2
What is the tens digit of 1874?
7
What is the thousands digit of 6606?
6
What is the tens digit of 1130?
3
What is the thousands digit of 1170?
1
What is the hundreds digit of 28300?
3
What is the units digit of 45?
5
What is the tens digit of 1677?
7
What is the thousands digit of 1630?
1
What is the units digit of 123652?
2
What is the ten thousands digit of 14405?
1
What is the tens digit of 52?
5
What is the units digit of 1263?
3
What is the thousands digit of 16470?
6
What is the units digit of 6221?
1
What is the thousands digit of 3178?
3
What is the thousands digit of 4561?
4
What is the units digit of 813?
3
What is the units digit of 1896?
6
What is the hundreds digit of 9779?
7
What is the thousands digit of 2877?
2
What is the thousands digit of 4661?
4
What is the thousands digit of 1917?
1
What is the thousands digit of 5358?
5
What is the thousands digit of 1451?
1
What is the tens digit of 1911?
1
What is the ten thousands digit of 27029?
2
What is the thousands digit of 1535?
1
What is the units digit of 8757?
7
What is the tens digit of 29875?
7
What is the tens digit of 14715?
1
What is the tens digit of 3821?
2
What is the units digit of 5718?
8
What is the thousands digit of 49324?
9
What is the ten thousands digit of 37904?
3
What is the tens digit of 3028?
2
What is the hundred thousands digit of 111857?
1
What is the tens digit of 46886?
8
What is the units digit of 828?
8
What is the tens digit of 119290?
9
What is the thousands digit of 12792?
2
What is the hundreds digit of 1112?
1
What is the thousands digit of 99555?
9
What is the hundreds digit of 2117?
1
What is the tens digit of 54368?
6
What is the thousands digit of 7431?
7
What is the ten thousands digit of 64698?
6
What is the thousands digit of 1556?
1
What is the units digit of 316?
6
What is the hundreds digit of 114506?
5
What is the units digit of 997?
7
What is the units digit of 76134?
4
What is the ten thousands digit of 23668?
2
What is the tens digit of 81122?
2
What is the thousands digit of 4394?
4
What is the tens digit of 3625?
2
What is the units digit of 194?
4
What is the hundreds digit of 753?
7
What is the units digit of 831?
1
What is the tens digit of 3608?
0
What is the tens digit of 46365?
6
What is the units digit of 1897?
7
What is the units digit of 815?
5
What is the thousands digit of 19419?
9
What is the tens digit of 564?
6
What is the thousands digit of 95602?
5
What is the ten thousands digit of 14172?
1
What is the hundreds digit of 19338?
3
What is the units digit of 8842?
2
What is the thousands digit of 5657?
5
What is the hundreds digit of 1851?
8
What is the ten thousands digit of 62590?
6
What is the ten thousands digit of 18980?
1
What is the hundreds digit of 297?
2
What is the tens digit of 53791?
9
What is the ten thousands digit of 94631?
9
What is the tens digit of 9178?
7
What is the tens digit of 621?
2
What is the hundreds digit of 1888?
8
What is the thousands digit of 5827?
5
What is the hundreds digit of 59742?
7
What is the tens digit of 1051?
5
What is the units digit of 27636?
6
What is the hundreds digit of 29850?
8
What is the thousands digit of 16671?
6
What is the units digit of 11538?
8
What is the thousands digit of 20381?
0
What is the units digit of 3552?
2
What is the hundreds digit of 14451?
4
What is the hundreds digit of 55006?
0
What is the tens digit of 35002?
0
What is the thousands digit of 3621?
3
What is the units digit of 61401?
1
What is the ten thousands digit of 22660?
2
What is the tens digit of 26569?
6
What is the tens digit of 5650?
5
What is the units digit of 12334?
4
What is the hundreds digit of 2744?
7
What is the ten thousands digit of 19181?
1
What is the thousands digit of 174606?
4
What is the hundreds digit of 979?
9
What is the units digit of 1130?
0
What is the tens digit of 59827?
2
What is the units digit of 157?
7
What is the tens digit of 27660?
6
What is the tens digit of 4261?
6
What is the hundreds digit of 3773?
7
What is the hundreds digit of 155057?
0
What is the thousands digit of 2496?
2
What is the units digit of 474?
4
What is the thousands digit of 7969?
7
What is the tens digit of 41301?
0
What is the tens digit of 209?
0
What is the tens digit of 24022?
2
What is the hundreds digit of 3177?
1
What is the tens digit of 22015?
1
What is the tens digit of 34339?
3
Wh